{"id":12276,"date":"2021-02-22T02:13:04","date_gmt":"2021-02-22T02:13:04","guid":{"rendered":"https:\/\/www.thelma.sn\/thelma-leadership-academy\/?page_id=12276"},"modified":"2021-02-22T12:11:45","modified_gmt":"2021-02-22T12:11:45","slug":"fiche-de-renseignement-certifications","status":"publish","type":"page","link":"https:\/\/www.thelma.sn\/thelma-leadership-academy\/fiche-de-renseignement-certifications\/","title":{"rendered":"Fiche de renseignement certifications"},"content":{"rendered":"\t\t<div data-elementor-type=\"wp-post\" data-elementor-id=\"12276\" class=\"elementor elementor-12276\" data-elementor-settings=\"[]\">\n\t\t\t\t\t\t<div class=\"elementor-inner\">\n\t\t\t\t\t\t\t<div class=\"elementor-section-wrap\">\n\t\t\t\t\t\t\t<section class=\"elementor-section elementor-top-section elementor-element elementor-element-aa6ca57 elementor-section-boxed elementor-section-height-default elementor-section-height-default\" data-id=\"aa6ca57\" data-element_type=\"section\" data-settings=\"{&quot;background_background&quot;:&quot;classic&quot;}\">\n\t\t\t\t\t\t\t<div class=\"elementor-background-overlay\"><\/div>\n\t\t\t\t\t\t\t<div class=\"elementor-container elementor-column-gap-default\">\n\t\t\t\t\t\t\t<div class=\"elementor-row\">\n\t\t\t\t\t<div class=\"elementor-column elementor-col-100 elementor-top-column elementor-element elementor-element-7ec1889\" data-id=\"7ec1889\" data-element_type=\"column\">\n\t\t\t<div class=\"elementor-column-wrap elementor-element-populated\">\n\t\t\t\t\t\t\t<div class=\"elementor-widget-wrap\">\n\t\t\t\t\t\t<div class=\"elementor-element elementor-element-84919a5 elementor-widget elementor-widget-heading\" data-id=\"84919a5\" data-element_type=\"widget\" data-widget_type=\"heading.default\">\n\t\t\t\t<div class=\"elementor-widget-container\">\n\t\t\t<h1 class=\"elementor-heading-title elementor-size-default\">Fiche de renseignement certifications<\/h1>\t\t<\/div>\n\t\t\t\t<\/div>\n\t\t\t\t\t\t<\/div>\n\t\t\t\t\t<\/div>\n\t\t<\/div>\n\t\t\t\t\t\t\t\t<\/div>\n\t\t\t\t\t<\/div>\n\t\t<\/section>\n\t\t\t\t<section class=\"elementor-section elementor-top-section elementor-element elementor-element-6c5f55f elementor-section-boxed elementor-section-height-default elementor-section-height-default\" data-id=\"6c5f55f\" data-element_type=\"section\">\n\t\t\t\t\t\t<div class=\"elementor-container elementor-column-gap-default\">\n\t\t\t\t\t\t\t<div class=\"elementor-row\">\n\t\t\t\t\t<div class=\"elementor-column elementor-col-100 elementor-top-column elementor-element elementor-element-0bf5a4b\" data-id=\"0bf5a4b\" data-element_type=\"column\">\n\t\t\t<div class=\"elementor-column-wrap elementor-element-populated\">\n\t\t\t\t\t\t\t<div class=\"elementor-widget-wrap\">\n\t\t\t\t\t\t<div class=\"elementor-element elementor-element-593e6de elementor-widget elementor-widget-text-editor\" data-id=\"593e6de\" data-element_type=\"widget\" data-widget_type=\"text-editor.default\">\n\t\t\t\t<div class=\"elementor-widget-container\">\n\t\t\t\t\t<div class=\"elementor-text-editor elementor-clearfix\"><div class=\"forminator-ui forminator-custom-form forminator-custom-form-12268 forminator-design--material  forminator_ajax\" data-forminator-render=\"0\" data-form=\"forminator-module-12268\"><br\/><\/div><form\n\t\t\t\tid=\"forminator-module-12268\"\n\t\t\t\tclass=\"forminator-ui forminator-custom-form forminator-custom-form-12268 forminator-design--material  forminator_ajax\"\n\t\t\t\taction=\"\"\n\t\t\t\tmethod=\"post\"\n\t\t\t\tdata-forminator-render=\"0\"\n\t\t\t\tdata-form-id=\"12268\"\n\t\t\t\t\n\t\t\t\tdata-design=\"material\"\n\t\t\t\t\n\t\t\t\t\n\t\t\t\t\n\t\t\t\tdata-grid=\"open\"\n\t\t\t\t\n\t\t\t\t\n\t\t\t\tstyle=\"display: none;\"\n\t\t\t><div class=\"forminator-response-message forminator-error\" aria-hidden=\"true\"><\/div><div class=\"forminator-row\"><div id=\"name-1\" class=\"forminator-col forminator-col-12 \"><div class=\"forminator-field\"><label for=\"forminator-field-name-1\" class=\"forminator-label\">Nom complet <span class=\"forminator-required\">*<\/span><\/label><input type=\"text\" name=\"name-1\" value=\"\" placeholder=\"Par exemple\u00a0: Jacques Martin\" id=\"forminator-field-name-1\" class=\"forminator-input forminator-name--field\" aria-required=\"true\" \/><\/div><\/div><\/div><div class=\"forminator-row\"><div id=\"radio-1\" class=\"forminator-col forminator-col-12 \"><fieldset class=\"forminator-field\" role=\"radiogroup\"><label class=\"forminator-label\">Sexe <span class=\"forminator-required\">*<\/span><\/label><label for=\"forminator-field-radio-1-1-69f731ce9b119\" class=\"forminator-radio\"><input type=\"radio\" name=\"radio-1\" value=\"masculin\" id=\"forminator-field-radio-1-1-69f731ce9b119\" data-calculation=\"0\"  \/><span aria-hidden=\"true\"><\/span><span>Masculin<\/span><\/label><label for=\"forminator-field-radio-1-2-69f731ce9b119\" class=\"forminator-radio\"><input type=\"radio\" name=\"radio-1\" value=\"fminin\" id=\"forminator-field-radio-1-2-69f731ce9b119\" data-calculation=\"0\"  \/><span aria-hidden=\"true\"><\/span><span>F\u00e9minin<\/span><\/label><\/fieldset><\/div><\/div><div class=\"forminator-row\"><div id=\"textarea-1\" class=\"forminator-col forminator-col-12 \"><div class=\"forminator-field\"><label for=\"forminator-field-textarea-1\" class=\"forminator-label\">Occupation <span class=\"forminator-required\">*<\/span><\/label><textarea name=\"textarea-1\" placeholder=\"Merci de pr\u00e9ciser votre activit\u00e9\" id=\"forminator-field-textarea-1\" class=\"forminator-textarea\" height=\"50\" style=\"min-height:px;\" ><\/textarea><\/div><\/div><\/div><div class=\"forminator-row\"><div id=\"email-1\" class=\"forminator-col forminator-col-6 \"><div class=\"forminator-field\"><label for=\"forminator-field-email-1\" class=\"forminator-label\">E-mail 1 <span class=\"forminator-required\">*<\/span><\/label><input type=\"email\" name=\"email-1\" value=\"\" placeholder=\"Par exemple\u00a0: jacques@martin.com\" id=\"forminator-field-email-1\" class=\"forminator-input forminator-email--field\" data-required=\"1\" aria-required=\"true\" \/><\/div><\/div><div id=\"email-2\" class=\"forminator-col forminator-col-6 \"><div class=\"forminator-field\"><label for=\"forminator-field-email-2\" class=\"forminator-label\">E-mail 2<\/label><input type=\"email\" name=\"email-2\" value=\"\" placeholder=\"Par exemple\u00a0: jacques@martin.com\" id=\"forminator-field-email-2\" class=\"forminator-input forminator-email--field\" data-required=\"\" aria-required=\"false\" \/><\/div><\/div><\/div><div class=\"forminator-row\"><div id=\"phone-1\" class=\"forminator-col forminator-col-6 \"><div class=\"forminator-field\"><label for=\"forminator-field-phone-1\" class=\"forminator-label\">T\u00e9l\u00e9phone 1 <span class=\"forminator-required\">*<\/span><\/label><input type=\"text\" name=\"phone-1\" value=\"\" placeholder=\"Par exemple\u00a0: +1 02 03 05 06\" id=\"forminator-field-phone-1\" class=\"forminator-input forminator-field--phone\" data-required=\"1\" aria-required=\"true\" autocomplete=\"off\" \/><\/div><\/div><div id=\"phone-2\" class=\"forminator-col forminator-col-6 \"><div class=\"forminator-field\"><label for=\"forminator-field-phone-2\" class=\"forminator-label\">T\u00e9l\u00e9phone 2<\/label><input type=\"text\" name=\"phone-2\" value=\"\" placeholder=\"Par exemple\u00a0: +1 02 03 05 06\" id=\"forminator-field-phone-2\" class=\"forminator-input forminator-field--phone\" data-required=\"\" aria-required=\"false\" autocomplete=\"off\" \/><\/div><\/div><\/div><div class=\"forminator-row\"><div id=\"checkbox-1\" class=\"forminator-col forminator-col-6 \"><div class=\"forminator-field\"><label class=\"forminator-label\">Programmes de formation souhait\u00e9(s)<\/label><label for=\"forminator-field-checkbox-1-1-69f731ce9b20b\" class=\"forminator-checkbox\"><input type=\"checkbox\" name=\"checkbox-1[]\" value=\"maitrise-de-laccueil-haute-de-gamme\" id=\"forminator-field-checkbox-1-1-69f731ce9b20b\" data-calculation=\"0\"  \/><span aria-hidden=\"true\"><\/span><span>Maitrise de l\u2019accueil haute de gamme<\/span><\/label><label for=\"forminator-field-checkbox-1-2-69f731ce9b20b\" class=\"forminator-checkbox\"><input type=\"checkbox\" name=\"checkbox-1[]\" value=\"fondamentaux-la-rception\" id=\"forminator-field-checkbox-1-2-69f731ce9b20b\" data-calculation=\"0\"  \/><span aria-hidden=\"true\"><\/span><span>Fondamentaux \u00e0 la r\u00e9ception<\/span><\/label><label for=\"forminator-field-checkbox-1-3-69f731ce9b20b\" class=\"forminator-checkbox\"><input type=\"checkbox\" name=\"checkbox-1[]\" value=\"optimiser-le-pms\" id=\"forminator-field-checkbox-1-3-69f731ce9b20b\" data-calculation=\"0\"  \/><span aria-hidden=\"true\"><\/span><span>Optimiser le PMS<\/span><\/label><label for=\"forminator-field-checkbox-1-4-69f731ce9b20b\" class=\"forminator-checkbox\"><input type=\"checkbox\" name=\"checkbox-1[]\" value=\"savoir-vendre-les-services-au-tlphone\" id=\"forminator-field-checkbox-1-4-69f731ce9b20b\" data-calculation=\"0\"  \/><span aria-hidden=\"true\"><\/span><span>Savoir vendre les services au t\u00e9l\u00e9phone<\/span><\/label><label for=\"forminator-field-checkbox-1-5-69f731ce9b20b\" class=\"forminator-checkbox\"><input type=\"checkbox\" name=\"checkbox-1[]\" value=\"grer-efficacement-les-conflits-et-rclamations\" id=\"forminator-field-checkbox-1-5-69f731ce9b20b\" data-calculation=\"0\"  \/><span aria-hidden=\"true\"><\/span><span>G\u00e9rer efficacement les conflits et r\u00e9clamations<\/span><\/label><label for=\"forminator-field-checkbox-1-6-69f731ce9b20b\" class=\"forminator-checkbox\"><input type=\"checkbox\" name=\"checkbox-1[]\" value=\"valoriser-limage-et-professionnaliser-votre-accueil-client\" id=\"forminator-field-checkbox-1-6-69f731ce9b20b\" data-calculation=\"0\"  \/><span aria-hidden=\"true\"><\/span><span>Valoriser l\u2019image et professionnaliser votre accueil client<\/span><\/label><label for=\"forminator-field-checkbox-1-7-69f731ce9b20b\" class=\"forminator-checkbox\"><input type=\"checkbox\" name=\"checkbox-1[]\" value=\"certificat-en-techniques-immobilires\" id=\"forminator-field-checkbox-1-7-69f731ce9b20b\" data-calculation=\"0\"  \/><span aria-hidden=\"true\"><\/span><span>Certificat en Techniques immobili\u00e8res<\/span><\/label><label for=\"forminator-field-checkbox-1-8-69f731ce9b20b\" class=\"forminator-checkbox\"><input type=\"checkbox\" name=\"checkbox-1[]\" value=\"certificat-en-marketing-de-la-mode\" id=\"forminator-field-checkbox-1-8-69f731ce9b20b\" data-calculation=\"0\"  \/><span aria-hidden=\"true\"><\/span><span>Certificat  en Marketing de la mode<\/span><\/label><label for=\"forminator-field-checkbox-1-9-69f731ce9b20b\" class=\"forminator-checkbox\"><input type=\"checkbox\" name=\"checkbox-1[]\" value=\"certificat-en-visual-merchandising\" id=\"forminator-field-checkbox-1-9-69f731ce9b20b\" data-calculation=\"0\"  \/><span aria-hidden=\"true\"><\/span><span>Certificat en visual Merchandising<\/span><\/label><\/div><\/div><div id=\"checkbox-2\" class=\"forminator-col forminator-col-6 \"><div class=\"forminator-field\"><label class=\"forminator-label\">Programmes de formation souhait\u00e9(s)<\/label><label for=\"forminator-field-checkbox-2-1-69f731ce9b236\" class=\"forminator-checkbox\"><input type=\"checkbox\" name=\"checkbox-2[]\" value=\"accueil-en-restauration\" id=\"forminator-field-checkbox-2-1-69f731ce9b236\" data-calculation=\"0\"  \/><span aria-hidden=\"true\"><\/span><span>Accueil en restauration<\/span><\/label><label for=\"forminator-field-checkbox-2-2-69f731ce9b236\" class=\"forminator-checkbox\"><input type=\"checkbox\" name=\"checkbox-2[]\" value=\"service-en-salle-de-restauration\" id=\"forminator-field-checkbox-2-2-69f731ce9b236\" data-calculation=\"0\"  \/><span aria-hidden=\"true\"><\/span><span>Service en salle de restauration<\/span><\/label><label for=\"forminator-field-checkbox-2-3-69f731ce9b236\" class=\"forminator-checkbox\"><input type=\"checkbox\" name=\"checkbox-2[]\" value=\"service-en-salle-de-restauration-perfectionnement\" id=\"forminator-field-checkbox-2-3-69f731ce9b236\" data-calculation=\"0\"  \/><span aria-hidden=\"true\"><\/span><span>Service en salle de restauration: Perfectionnement<\/span><\/label><label for=\"forminator-field-checkbox-2-4-69f731ce9b236\" class=\"forminator-checkbox\"><input type=\"checkbox\" name=\"checkbox-2[]\" value=\"approche-commerciale\" id=\"forminator-field-checkbox-2-4-69f731ce9b236\" data-calculation=\"0\"  \/><span aria-hidden=\"true\"><\/span><span>Approche commerciale<\/span><\/label><label for=\"forminator-field-checkbox-2-5-69f731ce9b236\" class=\"forminator-checkbox\"><input type=\"checkbox\" name=\"checkbox-2[]\" value=\"yield-management\" id=\"forminator-field-checkbox-2-5-69f731ce9b236\" data-calculation=\"0\"  \/><span aria-hidden=\"true\"><\/span><span>Yield management<\/span><\/label><label for=\"forminator-field-checkbox-2-6-69f731ce9b236\" class=\"forminator-checkbox\"><input type=\"checkbox\" name=\"checkbox-2[]\" value=\"revenue-management\" id=\"forminator-field-checkbox-2-6-69f731ce9b236\" data-calculation=\"0\"  \/><span aria-hidden=\"true\"><\/span><span>Revenue management<\/span><\/label><label for=\"forminator-field-checkbox-2-7-69f731ce9b236\" class=\"forminator-checkbox\"><input type=\"checkbox\" name=\"checkbox-2[]\" value=\"certificat-fashion-show\" id=\"forminator-field-checkbox-2-7-69f731ce9b236\" data-calculation=\"0\"  \/><span aria-hidden=\"true\"><\/span><span>Certificat Fashion Show<\/span><\/label><label for=\"forminator-field-checkbox-2-8-69f731ce9b236\" class=\"forminator-checkbox\"><input type=\"checkbox\" name=\"checkbox-2[]\" value=\"certificat-techniques-de-vente\" id=\"forminator-field-checkbox-2-8-69f731ce9b236\" data-calculation=\"0\"  \/><span aria-hidden=\"true\"><\/span><span>Certificat Techniques de vente <\/span><\/label><label for=\"forminator-field-checkbox-2-9-69f731ce9b236\" class=\"forminator-checkbox\"><input type=\"checkbox\" name=\"checkbox-2[]\" value=\"certificat-textiles\" id=\"forminator-field-checkbox-2-9-69f731ce9b236\" data-calculation=\"0\"  \/><span aria-hidden=\"true\"><\/span><span>Certificat Textiles<\/span><\/label><\/div><\/div><\/div><input type=\"hidden\" name=\"referer_url\" value=\"\" \/><div class=\"forminator-row forminator-row-last\"><div class=\"forminator-col\"><div id=\"submit\" class=\"forminator-field\"><button class=\"forminator-button forminator-button-submit\"><span>Envoyer<\/span><span aria-hidden=\"true\"><\/span><\/button><\/div><\/div><\/div><input type=\"hidden\" id=\"forminator_nonce\" name=\"forminator_nonce\" value=\"e57512e8f0\" \/><input type=\"hidden\" name=\"_wp_http_referer\" value=\"\/thelma-leadership-academy\/wp-json\/wp\/v2\/pages\/12276\" \/><input type=\"hidden\" name=\"form_id\" value=\"12268\"><input type=\"hidden\" name=\"page_id\" value=\"12276\"><input type=\"hidden\" name=\"form_type\" value=\"default\"><input type=\"hidden\" name=\"current_url\" value=\"https:\/\/www.thelma.sn\/thelma-leadership-academy\/wp-json\/wp\/v2\/pages\/12276\/\"><input type=\"hidden\" name=\"render_id\" value=\"0\"><input type=\"hidden\" name=\"action\" value=\"forminator_submit_form_custom-forms\"><\/form><\/div>\n\t\t\t\t<\/div>\n\t\t\t\t<\/div>\n\t\t\t\t\t\t<\/div>\n\t\t\t\t\t<\/div>\n\t\t<\/div>\n\t\t\t\t\t\t\t\t<\/div>\n\t\t\t\t\t<\/div>\n\t\t<\/section>\n\t\t\t\t<section class=\"elementor-section elementor-top-section elementor-element elementor-element-dfc5e39 elementor-section-boxed elementor-section-height-default elementor-section-height-default\" data-id=\"dfc5e39\" data-element_type=\"section\">\n\t\t\t\t\t\t<div class=\"elementor-container elementor-column-gap-default\">\n\t\t\t\t\t\t\t<div class=\"elementor-row\">\n\t\t\t\t\t<div class=\"elementor-column elementor-col-50 elementor-top-column elementor-element elementor-element-7a3535e\" data-id=\"7a3535e\" data-element_type=\"column\">\n\t\t\t<div class=\"elementor-column-wrap\">\n\t\t\t\t\t\t\t<div class=\"elementor-widget-wrap\">\n\t\t\t\t\t\t\t\t<\/div>\n\t\t\t\t\t<\/div>\n\t\t<\/div>\n\t\t\t\t<div class=\"elementor-column elementor-col-50 elementor-top-column elementor-element elementor-element-80fc344\" data-id=\"80fc344\" data-element_type=\"column\">\n\t\t\t<div class=\"elementor-column-wrap\">\n\t\t\t\t\t\t\t<div class=\"elementor-widget-wrap\">\n\t\t\t\t\t\t\t\t<\/div>\n\t\t\t\t\t<\/div>\n\t\t<\/div>\n\t\t\t\t\t\t\t\t<\/div>\n\t\t\t\t\t<\/div>\n\t\t<\/section>\n\t\t\t\t<section class=\"elementor-section elementor-top-section elementor-element elementor-element-446922b1 elementor-section-boxed elementor-section-height-default elementor-section-height-default\" data-id=\"446922b1\" data-element_type=\"section\" data-settings=\"{&quot;background_background&quot;:&quot;classic&quot;}\">\n\t\t\t\t\t\t<div class=\"elementor-container elementor-column-gap-default\">\n\t\t\t\t\t\t\t<div class=\"elementor-row\">\n\t\t\t\t\t<div class=\"elementor-column elementor-col-100 elementor-top-column elementor-element elementor-element-45b6ed67\" data-id=\"45b6ed67\" data-element_type=\"column\">\n\t\t\t<div class=\"elementor-column-wrap elementor-element-populated\">\n\t\t\t\t\t\t\t<div class=\"elementor-widget-wrap\">\n\t\t\t\t\t\t<div class=\"elementor-element elementor-element-2e02cd67 elementor-widget elementor-widget-heading\" data-id=\"2e02cd67\" data-element_type=\"widget\" data-widget_type=\"heading.default\">\n\t\t\t\t<div class=\"elementor-widget-container\">\n\t\t\t<h2 class=\"elementor-heading-title elementor-size-default\">Rejoignez Thelma Business School<\/h2>\t\t<\/div>\n\t\t\t\t<\/div>\n\t\t\t\t<div class=\"elementor-element elementor-element-1fe190d1 animated-slow elementor-invisible elementor-widget elementor-widget-text-editor\" data-id=\"1fe190d1\" data-element_type=\"widget\" data-settings=\"{&quot;_animation&quot;:&quot;shake&quot;}\" data-widget_type=\"text-editor.default\">\n\t\t\t\t<div class=\"elementor-widget-container\">\n\t\t\t\t\t<div class=\"elementor-text-editor elementor-clearfix\"><p><span style=\"color: #ffffff;\">Vous souhaitez en savoir plus sur notre processus d&rsquo;admission ?<\/span><\/p><\/div>\n\t\t\t\t<\/div>\n\t\t\t\t<\/div>\n\t\t\t\t<div class=\"elementor-element elementor-element-4fb6adbb elementor-align-center elementor-widget elementor-widget-button\" data-id=\"4fb6adbb\" data-element_type=\"widget\" data-widget_type=\"button.default\">\n\t\t\t\t<div class=\"elementor-widget-container\">\n\t\t\t\t\t<div class=\"elementor-button-wrapper\">\n\t\t\t<a href=\"https:\/\/www.thelma.sn\/admissions\/\" class=\"elementor-button-link elementor-button elementor-size-sm\" role=\"button\">\n\t\t\t\t\t\t<span class=\"elementor-button-content-wrapper\">\n\t\t\t\t\t\t<span class=\"elementor-button-text\">Candidatures<\/span>\n\t\t<\/span>\n\t\t\t\t\t<\/a>\n\t\t<\/div>\n\t\t\t\t<\/div>\n\t\t\t\t<\/div>\n\t\t\t\t\t\t<\/div>\n\t\t\t\t\t<\/div>\n\t\t<\/div>\n\t\t\t\t\t\t\t\t<\/div>\n\t\t\t\t\t<\/div>\n\t\t<\/section>\n\t\t\t\t\t\t<\/div>\n\t\t\t\t\t\t<\/div>\n\t\t\t\t\t<\/div>\n\t\t","protected":false},"excerpt":{"rendered":"<p>Fiche de renseignement certifications Rejoignez Thelma Business School Vous souhaitez en savoir plus sur notre processus d&rsquo;admission ? Candidatures<\/p>\n","protected":false},"author":10,"featured_media":0,"parent":0,"menu_order":0,"comment_status":"closed","ping_status":"closed","template":"elementor_header_footer","meta":[],"yoast_head":"<!-- This site is optimized with the Yoast SEO plugin v15.8 - https:\/\/yoast.com\/wordpress\/plugins\/seo\/ -->\n<title>Thelma Leadership Academy<\/title>\n<meta name=\"description\" content=\"Thelma Business school, l&#039;\u00e9cole de management sp\u00e9cialis\u00e9e dans les m\u00e9tiers du luxe.\" \/>\n<meta name=\"robots\" content=\"index, follow, max-snippet:-1, max-image-preview:large, max-video-preview:-1\" \/>\n<link rel=\"canonical\" href=\"https:\/\/www.thelma.sn\/thelma-leadership-academy\/fiche-de-renseignement-certifications\/\" \/>\n<meta property=\"og:locale\" content=\"fr_FR\" \/>\n<meta property=\"og:type\" content=\"article\" \/>\n<meta property=\"og:title\" content=\"Thelma Leadership Academy\" \/>\n<meta property=\"og:description\" content=\"Thelma Business school, l&#039;\u00e9cole de management sp\u00e9cialis\u00e9e dans les m\u00e9tiers du luxe.\" \/>\n<meta property=\"og:url\" content=\"https:\/\/www.thelma.sn\/thelma-leadership-academy\/fiche-de-renseignement-certifications\/\" \/>\n<meta property=\"og:site_name\" content=\"Thelma Leadership Academy\" \/>\n<meta property=\"article:modified_time\" content=\"2021-02-22T12:11:45+00:00\" \/>\n<meta name=\"twitter:card\" content=\"summary_large_image\" \/>\n<meta name=\"twitter:label1\" content=\"Dur\u00e9e de lecture estim\u00e9e\">\n\t<meta name=\"twitter:data1\" content=\"7 minutes\">\n<script type=\"application\/ld+json\" class=\"yoast-schema-graph\">{\"@context\":\"https:\/\/schema.org\",\"@graph\":[{\"@type\":\"WebSite\",\"@id\":\"https:\/\/www.thelma.sn\/thelma-leadership-academy\/#website\",\"url\":\"https:\/\/www.thelma.sn\/thelma-leadership-academy\/\",\"name\":\"Thelma Leadership Academy\",\"description\":\"Be attitude, Be different\",\"potentialAction\":[{\"@type\":\"SearchAction\",\"target\":\"https:\/\/www.thelma.sn\/thelma-leadership-academy\/?s={search_term_string}\",\"query-input\":\"required name=search_term_string\"}],\"inLanguage\":\"fr-FR\"},{\"@type\":\"WebPage\",\"@id\":\"https:\/\/www.thelma.sn\/thelma-leadership-academy\/fiche-de-renseignement-certifications\/#webpage\",\"url\":\"https:\/\/www.thelma.sn\/thelma-leadership-academy\/fiche-de-renseignement-certifications\/\",\"name\":\"Thelma Leadership Academy\",\"isPartOf\":{\"@id\":\"https:\/\/www.thelma.sn\/thelma-leadership-academy\/#website\"},\"datePublished\":\"2021-02-22T02:13:04+00:00\",\"dateModified\":\"2021-02-22T12:11:45+00:00\",\"description\":\"Thelma Business school, l'\\u00e9cole de management sp\\u00e9cialis\\u00e9e dans les m\\u00e9tiers du luxe.\",\"breadcrumb\":{\"@id\":\"https:\/\/www.thelma.sn\/thelma-leadership-academy\/fiche-de-renseignement-certifications\/#breadcrumb\"},\"inLanguage\":\"fr-FR\",\"potentialAction\":[{\"@type\":\"ReadAction\",\"target\":[\"https:\/\/www.thelma.sn\/thelma-leadership-academy\/fiche-de-renseignement-certifications\/\"]}]},{\"@type\":\"BreadcrumbList\",\"@id\":\"https:\/\/www.thelma.sn\/thelma-leadership-academy\/fiche-de-renseignement-certifications\/#breadcrumb\",\"itemListElement\":[{\"@type\":\"ListItem\",\"position\":1,\"item\":{\"@type\":\"WebPage\",\"@id\":\"https:\/\/www.thelma.sn\/thelma-leadership-academy\/\",\"url\":\"https:\/\/www.thelma.sn\/thelma-leadership-academy\/\",\"name\":\"Accueil\"}},{\"@type\":\"ListItem\",\"position\":2,\"item\":{\"@type\":\"WebPage\",\"@id\":\"https:\/\/www.thelma.sn\/thelma-leadership-academy\/fiche-de-renseignement-certifications\/\",\"url\":\"https:\/\/www.thelma.sn\/thelma-leadership-academy\/fiche-de-renseignement-certifications\/\",\"name\":\"Fiche de renseignement certifications\"}}]}]}<\/script>\n<!-- \/ Yoast SEO plugin. -->","_links":{"self":[{"href":"https:\/\/www.thelma.sn\/thelma-leadership-academy\/wp-json\/wp\/v2\/pages\/12276"}],"collection":[{"href":"https:\/\/www.thelma.sn\/thelma-leadership-academy\/wp-json\/wp\/v2\/pages"}],"about":[{"href":"https:\/\/www.thelma.sn\/thelma-leadership-academy\/wp-json\/wp\/v2\/types\/page"}],"author":[{"embeddable":true,"href":"https:\/\/www.thelma.sn\/thelma-leadership-academy\/wp-json\/wp\/v2\/users\/10"}],"replies":[{"embeddable":true,"href":"https:\/\/www.thelma.sn\/thelma-leadership-academy\/wp-json\/wp\/v2\/comments?post=12276"}],"version-history":[{"count":5,"href":"https:\/\/www.thelma.sn\/thelma-leadership-academy\/wp-json\/wp\/v2\/pages\/12276\/revisions"}],"predecessor-version":[{"id":12331,"href":"https:\/\/www.thelma.sn\/thelma-leadership-academy\/wp-json\/wp\/v2\/pages\/12276\/revisions\/12331"}],"wp:attachment":[{"href":"https:\/\/www.thelma.sn\/thelma-leadership-academy\/wp-json\/wp\/v2\/media?parent=12276"}],"curies":[{"name":"wp","href":"https:\/\/api.w.org\/{rel}","templated":true}]}}